{"id":9899,"date":"2026-04-30T19:13:05","date_gmt":"2026-04-30T19:13:05","guid":{"rendered":"https:\/\/papayawhip-oyster-671994.hostingersite.com\/?post_type=product&#038;p=9899"},"modified":"2026-04-30T19:13:06","modified_gmt":"2026-04-30T19:13:06","slug":"shred-x-ultimate-fat-burner-capsules","status":"publish","type":"product","link":"https:\/\/musclegainalbania.com\/?product=shred-x-ultimate-fat-burner-capsules","title":{"rendered":"Shred X Ultimate Fat Burner Capsules"},"content":{"rendered":"<p data-start=\"33\" data-end=\"231\">Shred X nga Applied Nutrition \u00ebsht\u00eb nj\u00eb <strong data-start=\"73\" data-end=\"120\">suplement termogjenik p\u00ebr djegien e yndyr\u00ebs<\/strong>, i krijuar p\u00ebr t\u00eb mb\u00ebshtetur <strong data-start=\"150\" data-end=\"230\">humbjen e pesh\u00ebs, rritjen e energjis\u00eb dhe fokusin gjat\u00eb dit\u00ebs dhe st\u00ebrvitjes<\/strong>.<\/p>\n<p data-start=\"233\" data-end=\"475\">Ky produkt kombinon p\u00ebrb\u00ebr\u00ebs aktiv\u00eb si <strong data-start=\"272\" data-end=\"345\">kafein\u00eb, ekstrakt \u00e7aji jeshil, L-tyrosine, choline dhe cayenne pepper<\/strong>, t\u00eb cil\u00ebt ndihmojn\u00eb n\u00eb rritjen e metabolizmit dhe p\u00ebrdorimin e yndyr\u00ebs si burim energjie.<\/p>\n<h3 data-section-id=\"1dip94x\" data-start=\"477\" data-end=\"503\">\u00a0P\u00ebrfitimet kryesore:<\/h3>\n<ul data-start=\"504\" data-end=\"735\">\n<li data-section-id=\"1m5tk7s\" data-start=\"504\" data-end=\"552\">Ndihmon n\u00eb <strong data-start=\"517\" data-end=\"552\">djegien e yndyr\u00ebs (fat burning)<\/strong><\/li>\n<li data-section-id=\"110crko\" data-start=\"553\" data-end=\"597\">Rrit <strong data-start=\"560\" data-end=\"597\">energjin\u00eb dhe p\u00ebrqendrimin mendor<\/strong><\/li>\n<li data-section-id=\"mrvi2r\" data-start=\"598\" data-end=\"643\">Mb\u00ebshtet <strong data-start=\"609\" data-end=\"643\">metabolizmin dhe termogjenez\u00ebn<\/strong><\/li>\n<li data-section-id=\"4spez0\" data-start=\"644\" data-end=\"690\">P\u00ebrmir\u00ebson <strong data-start=\"657\" data-end=\"690\">performanc\u00ebn gjat\u00eb st\u00ebrvitjes<\/strong><\/li>\n<li data-section-id=\"1x7l5t2\" data-start=\"691\" data-end=\"735\">Ndihmon n\u00eb <strong data-start=\"704\" data-end=\"735\">kontrollin e pesh\u00ebs trupore<\/strong><\/li>\n<\/ul>\n<h3 data-section-id=\"1qn5906\" data-start=\"1018\" data-end=\"1035\">\u00a0P\u00ebrdorimi:<\/h3>\n<p data-start=\"1036\" data-end=\"1137\">Merrni <strong data-start=\"1043\" data-end=\"1074\">3 kapsula n\u00eb dit\u00eb me ushqim<\/strong>, zakonisht n\u00eb m\u00ebngjes.<\/p>\n","protected":false},"excerpt":{"rendered":"<p>Shred X nga Applied Nutrition \u00ebsht\u00eb nj\u00eb suplement termogjenik p\u00ebr djegien e yndyr\u00ebs, i krijuar p\u00ebr t\u00eb mb\u00ebshtetur humbjen e pesh\u00ebs, rritjen e energjis\u00eb dhe fokusin gjat\u00eb dit\u00ebs dhe st\u00ebrvitjes. Ky produkt kombinon p\u00ebrb\u00ebr\u00ebs aktiv\u00eb si kafein\u00eb, ekstrakt \u00e7aji jeshil, L-tyrosine, choline dhe cayenne pepper, t\u00eb cil\u00ebt ndihmojn\u00eb n\u00eb rritjen e metabolizmit dhe p\u00ebrdorimin e [&hellip;]<\/p>\n","protected":false},"featured_media":9900,"comment_status":"open","ping_status":"closed","template":"","meta":{"site-sidebar-layout":"default","site-content-layout":"","ast-site-content-layout":"default","site-content-style":"default","site-sidebar-style":"default","ast-global-header-display":"","ast-banner-title-visibility":"","ast-main-header-display":"","ast-hfb-above-header-display":"","ast-hfb-below-header-display":"","ast-hfb-mobile-header-display":"","site-post-title":"","ast-breadcrumbs-content":"","ast-featured-img":"","footer-sml-layout":"","ast-disable-related-posts":"","theme-transparent-header-meta":"default","adv-header-id-meta":"","stick-header-meta":"","header-above-stick-meta":"","header-main-stick-meta":"","header-below-stick-meta":"","astra-migrate-meta-layouts":"set","ast-page-background-enabled":"default","ast-page-background-meta":{"desktop":{"background-color":"","background-image":"","background-repeat":"repeat","background-position":"center center","background-size":"auto","background-attachment":"scroll","background-type":"","background-media":"","overlay-type":"","overlay-color":"","overlay-opacity":"","overlay-gradient":""},"tablet":{"background-color":"","background-image":"","background-repeat":"repeat","background-position":"center center","background-size":"auto","background-attachment":"scroll","background-type":"","background-media":"","overlay-type":"","overlay-color":"","overlay-opacity":"","overlay-gradient":""},"mobile":{"background-color":"","background-image":"","background-repeat":"repeat","background-position":"center center","background-size":"auto","background-attachment":"scroll","background-type":"","background-media":"","overlay-type":"","overlay-color":"","overlay-opacity":"","overlay-gradient":""}},"ast-content-background-meta":{"desktop":{"background-color":"var(--ast-global-color-5)","background-image":"","background-repeat":"repeat","background-position":"center center","background-size":"auto","background-attachment":"scroll","background-type":"","background-media":"","overlay-type":"","overlay-color":"","overlay-opacity":"","overlay-gradient":""},"tablet":{"background-color":"var(--ast-global-color-5)","background-image":"","background-repeat":"repeat","background-position":"center center","background-size":"auto","background-attachment":"scroll","background-type":"","background-media":"","overlay-type":"","overlay-color":"","overlay-opacity":"","overlay-gradient":""},"mobile":{"background-color":"var(--ast-global-color-5)","background-image":"","background-repeat":"repeat","background-position":"center center","background-size":"auto","background-attachment":"scroll","background-type":"","background-media":"","overlay-type":"","overlay-color":"","overlay-opacity":"","overlay-gradient":""}}},"product_brand":[],"product_cat":[34],"product_tag":[],"class_list":{"0":"post-9899","1":"product","2":"type-product","3":"status-publish","4":"has-post-thumbnail","6":"product_cat-metabolizem","7":"desktop-align-center","8":"tablet-align-center","9":"mobile-align-center","11":"first","12":"instock","13":"shipping-taxable","14":"purchasable","15":"product-type-simple"},"_links":{"self":[{"href":"https:\/\/musclegainalbania.com\/index.php?rest_route=\/wp\/v2\/product\/9899","targetHints":{"allow":["GET"]}}],"collection":[{"href":"https:\/\/musclegainalbania.com\/index.php?rest_route=\/wp\/v2\/product"}],"about":[{"href":"https:\/\/musclegainalbania.com\/index.php?rest_route=\/wp\/v2\/types\/product"}],"replies":[{"embeddable":true,"href":"https:\/\/musclegainalbania.com\/index.php?rest_route=%2Fwp%2Fv2%2Fcomments&post=9899"}],"wp:featuredmedia":[{"embeddable":true,"href":"https:\/\/musclegainalbania.com\/index.php?rest_route=\/wp\/v2\/media\/9900"}],"wp:attachment":[{"href":"https:\/\/musclegainalbania.com\/index.php?rest_route=%2Fwp%2Fv2%2Fmedia&parent=9899"}],"wp:term":[{"taxonomy":"product_brand","embeddable":true,"href":"https:\/\/musclegainalbania.com\/index.php?rest_route=%2Fwp%2Fv2%2Fproduct_brand&post=9899"},{"taxonomy":"product_cat","embeddable":true,"href":"https:\/\/musclegainalbania.com\/index.php?rest_route=%2Fwp%2Fv2%2Fproduct_cat&post=9899"},{"taxonomy":"product_tag","embeddable":true,"href":"https:\/\/musclegainalbania.com\/index.php?rest_route=%2Fwp%2Fv2%2Fproduct_tag&post=9899"}],"curies":[{"name":"wp","href":"https:\/\/api.w.org\/{rel}","templated":true}]}}