{"id":9836,"date":"2026-04-30T17:39:19","date_gmt":"2026-04-30T17:39:19","guid":{"rendered":"https:\/\/papayawhip-oyster-671994.hostingersite.com\/?post_type=product&#038;p=9836"},"modified":"2026-04-30T17:39:20","modified_gmt":"2026-04-30T17:39:20","slug":"applied-nutrition-vitamin-d3-k2","status":"publish","type":"product","link":"https:\/\/musclegainalbania.com\/?product=applied-nutrition-vitamin-d3-k2","title":{"rendered":"Applied Nutrition Vitamin D3 &#038; K2"},"content":{"rendered":"<p data-start=\"41\" data-end=\"214\">Vitamin D3 &amp; K2 nga Applied Nutrition \u00ebsht\u00eb nj\u00eb suplement i kombinuar i formuluar p\u00ebr t\u00eb mb\u00ebshtetur <strong data-start=\"141\" data-end=\"213\">sh\u00ebndetin e kockave, sistemin imunitar dhe funksionin kardiovaskular<\/strong>.<\/p>\n<p data-start=\"216\" data-end=\"462\">Ky produkt bashkon <strong data-start=\"235\" data-end=\"269\">Vitamin\u00ebn D3 (Cholecalciferol)<\/strong> me <strong data-start=\"273\" data-end=\"296\">Vitamin\u00ebn K2 (MK-7)<\/strong>, dy l\u00ebnd\u00eb ushqyese q\u00eb punojn\u00eb n\u00eb sinergji p\u00ebr t\u00eb ndihmuar trupin t\u00eb p\u00ebrdor\u00eb kalciumin n\u00eb m\u00ebnyr\u00eb t\u00eb duhur \u2014 duke e drejtuar at\u00eb drejt kockave dhe larg indeve t\u00eb buta.<\/p>\n<h3 data-section-id=\"1dip94x\" data-start=\"464\" data-end=\"490\">P\u00ebrfitimet kryesore:<\/h3>\n<ul data-start=\"491\" data-end=\"742\">\n<li data-section-id=\"1q4fxla\" data-start=\"491\" data-end=\"531\">Mb\u00ebshtet <strong data-start=\"502\" data-end=\"531\">kocka dhe dh\u00ebmb\u00eb t\u00eb fort\u00eb<\/strong><\/li>\n<li data-section-id=\"1mu8y9c\" data-start=\"532\" data-end=\"584\">Ndihmon <strong data-start=\"542\" data-end=\"584\">funksionin normal t\u00eb sistemit imunitar<\/strong><\/li>\n<li data-section-id=\"1x8gcn1\" data-start=\"585\" data-end=\"626\">Kontribuon n\u00eb <strong data-start=\"601\" data-end=\"626\">funksionin e muskujve<\/strong><\/li>\n<li data-section-id=\"ysd65y\" data-start=\"627\" data-end=\"686\">Mb\u00ebshtet <strong data-start=\"638\" data-end=\"686\">sh\u00ebndetin e zemr\u00ebs dhe qarkullimit t\u00eb gjakut<\/strong><\/li>\n<li data-section-id=\"1pfyssd\" data-start=\"687\" data-end=\"742\">Ndihmon n\u00eb <strong data-start=\"700\" data-end=\"742\">p\u00ebrthithjen dhe p\u00ebrdorimin e kalciumit<\/strong><\/li>\n<\/ul>\n<h3 data-section-id=\"1qn5906\" data-start=\"971\" data-end=\"988\">P\u00ebrdorimi:<\/h3>\n<p data-start=\"989\" data-end=\"1057\">Merrni 1 kapsul\u00eb n\u00eb dit\u00eb me ushqim, ose sipas udh\u00ebzimeve n\u00eb paketim.<\/p>\n","protected":false},"excerpt":{"rendered":"<p>Vitamin D3 &amp; K2 nga Applied Nutrition \u00ebsht\u00eb nj\u00eb suplement i kombinuar i formuluar p\u00ebr t\u00eb mb\u00ebshtetur sh\u00ebndetin e kockave, sistemin imunitar dhe funksionin kardiovaskular. Ky produkt bashkon Vitamin\u00ebn D3 (Cholecalciferol) me Vitamin\u00ebn K2 (MK-7), dy l\u00ebnd\u00eb ushqyese q\u00eb punojn\u00eb n\u00eb sinergji p\u00ebr t\u00eb ndihmuar trupin t\u00eb p\u00ebrdor\u00eb kalciumin n\u00eb m\u00ebnyr\u00eb t\u00eb duhur \u2014 duke [&hellip;]<\/p>\n","protected":false},"featured_media":9838,"comment_status":"open","ping_status":"closed","template":"","meta":{"site-sidebar-layout":"default","site-content-layout":"","ast-site-content-layout":"default","site-content-style":"default","site-sidebar-style":"default","ast-global-header-display":"","ast-banner-title-visibility":"","ast-main-header-display":"","ast-hfb-above-header-display":"","ast-hfb-below-header-display":"","ast-hfb-mobile-header-display":"","site-post-title":"","ast-breadcrumbs-content":"","ast-featured-img":"","footer-sml-layout":"","ast-disable-related-posts":"","theme-transparent-header-meta":"default","adv-header-id-meta":"","stick-header-meta":"","header-above-stick-meta":"","header-main-stick-meta":"","header-below-stick-meta":"","astra-migrate-meta-layouts":"set","ast-page-background-enabled":"default","ast-page-background-meta":{"desktop":{"background-color":"","background-image":"","background-repeat":"repeat","background-position":"center center","background-size":"auto","background-attachment":"scroll","background-type":"","background-media":"","overlay-type":"","overlay-color":"","overlay-opacity":"","overlay-gradient":""},"tablet":{"background-color":"","background-image":"","background-repeat":"repeat","background-position":"center center","background-size":"auto","background-attachment":"scroll","background-type":"","background-media":"","overlay-type":"","overlay-color":"","overlay-opacity":"","overlay-gradient":""},"mobile":{"background-color":"","background-image":"","background-repeat":"repeat","background-position":"center center","background-size":"auto","background-attachment":"scroll","background-type":"","background-media":"","overlay-type":"","overlay-color":"","overlay-opacity":"","overlay-gradient":""}},"ast-content-background-meta":{"desktop":{"background-color":"var(--ast-global-color-5)","background-image":"","background-repeat":"repeat","background-position":"center center","background-size":"auto","background-attachment":"scroll","background-type":"","background-media":"","overlay-type":"","overlay-color":"","overlay-opacity":"","overlay-gradient":""},"tablet":{"background-color":"var(--ast-global-color-5)","background-image":"","background-repeat":"repeat","background-position":"center center","background-size":"auto","background-attachment":"scroll","background-type":"","background-media":"","overlay-type":"","overlay-color":"","overlay-opacity":"","overlay-gradient":""},"mobile":{"background-color":"var(--ast-global-color-5)","background-image":"","background-repeat":"repeat","background-position":"center center","background-size":"auto","background-attachment":"scroll","background-type":"","background-media":"","overlay-type":"","overlay-color":"","overlay-opacity":"","overlay-gradient":""}}},"product_brand":[],"product_cat":[34],"product_tag":[],"class_list":{"0":"post-9836","1":"product","2":"type-product","3":"status-publish","4":"has-post-thumbnail","6":"product_cat-metabolizem","7":"desktop-align-center","8":"tablet-align-center","9":"mobile-align-center","11":"first","12":"instock","13":"shipping-taxable","14":"purchasable","15":"product-type-simple"},"_links":{"self":[{"href":"https:\/\/musclegainalbania.com\/index.php?rest_route=\/wp\/v2\/product\/9836","targetHints":{"allow":["GET"]}}],"collection":[{"href":"https:\/\/musclegainalbania.com\/index.php?rest_route=\/wp\/v2\/product"}],"about":[{"href":"https:\/\/musclegainalbania.com\/index.php?rest_route=\/wp\/v2\/types\/product"}],"replies":[{"embeddable":true,"href":"https:\/\/musclegainalbania.com\/index.php?rest_route=%2Fwp%2Fv2%2Fcomments&post=9836"}],"wp:featuredmedia":[{"embeddable":true,"href":"https:\/\/musclegainalbania.com\/index.php?rest_route=\/wp\/v2\/media\/9838"}],"wp:attachment":[{"href":"https:\/\/musclegainalbania.com\/index.php?rest_route=%2Fwp%2Fv2%2Fmedia&parent=9836"}],"wp:term":[{"taxonomy":"product_brand","embeddable":true,"href":"https:\/\/musclegainalbania.com\/index.php?rest_route=%2Fwp%2Fv2%2Fproduct_brand&post=9836"},{"taxonomy":"product_cat","embeddable":true,"href":"https:\/\/musclegainalbania.com\/index.php?rest_route=%2Fwp%2Fv2%2Fproduct_cat&post=9836"},{"taxonomy":"product_tag","embeddable":true,"href":"https:\/\/musclegainalbania.com\/index.php?rest_route=%2Fwp%2Fv2%2Fproduct_tag&post=9836"}],"curies":[{"name":"wp","href":"https:\/\/api.w.org\/{rel}","templated":true}]}}