{"id":9612,"date":"2026-04-28T18:10:22","date_gmt":"2026-04-28T18:10:22","guid":{"rendered":"https:\/\/papayawhip-oyster-671994.hostingersite.com\/?post_type=product&#038;p=9612"},"modified":"2026-04-28T18:10:23","modified_gmt":"2026-04-28T18:10:23","slug":"yava-bcaa-glutamine","status":"publish","type":"product","link":"https:\/\/musclegainalbania.com\/?product=yava-bcaa-glutamine","title":{"rendered":"Yava BCAA + Glutamine"},"content":{"rendered":"<p>BCAA \u2013 Yava Labs<\/p>\n<p>Mb\u00ebshtet rikuperimin dhe performanc\u00ebn t\u00ebnde me BCAA \u2013 Yava Labs, formul\u00eb e past\u00ebr aminoacidesh esenciale t\u00eb dizajnuara p\u00ebr t\u00eb ndihmuar muskujt gjat\u00eb dhe pas st\u00ebrvitjes.<\/p>\n<p>Ky suplement \u00ebsht\u00eb ideal p\u00ebr sportist\u00eb dhe persona aktiv\u00eb q\u00eb k\u00ebrkojn\u00eb m\u00eb shum\u00eb energji, m\u00eb pak lodhje dhe rikuperim m\u00eb t\u00eb shpejt\u00eb pas ushtrimeve intensive.<\/p>\n<p>P\u00ebrfitimet kryesore:<\/p>\n<p>* P\u00ebrshpejton rikuperimin muskulor<br \/>\n* Redukton lodhjen gjat\u00eb st\u00ebrvitjes<br \/>\n* Ndihmon n\u00eb ruajtjen e mas\u00ebs muskulore<br \/>\n* P\u00ebrmir\u00ebson performanc\u00ebn dhe q\u00ebndrueshm\u00ebrin\u00eb<\/p>\n<p>P\u00ebrb\u00ebrja kryesore:<\/p>\n<p>* BCAA (Leucin\u00eb, Izoleucin\u00eb, Valin\u00eb) n\u00eb raport optimal<br \/>\n* Aminoacide esenciale p\u00ebr nd\u00ebrtim muskulor<br \/>\n* Pa sheqer dhe me tretje t\u00eb shpejt\u00eb<\/p>\n<p>P\u00ebrdorimi:<br \/>\nP\u00ebrziej 1 scoop me uj\u00eb dhe konsumojeni gjat\u00eb ose pas st\u00ebrvitjes p\u00ebr rezultate optimale.<\/p>\n","protected":false},"excerpt":{"rendered":"<p>BCAA \u2013 Yava Labs Mb\u00ebshtet rikuperimin dhe performanc\u00ebn t\u00ebnde me BCAA \u2013 Yava Labs, formul\u00eb e past\u00ebr aminoacidesh esenciale t\u00eb dizajnuara p\u00ebr t\u00eb ndihmuar muskujt gjat\u00eb dhe pas st\u00ebrvitjes. Ky suplement \u00ebsht\u00eb ideal p\u00ebr sportist\u00eb dhe persona aktiv\u00eb q\u00eb k\u00ebrkojn\u00eb m\u00eb shum\u00eb energji, m\u00eb pak lodhje dhe rikuperim m\u00eb t\u00eb shpejt\u00eb pas ushtrimeve intensive. P\u00ebrfitimet [&hellip;]<\/p>\n","protected":false},"featured_media":9615,"comment_status":"open","ping_status":"closed","template":"","meta":{"site-sidebar-layout":"default","site-content-layout":"","ast-site-content-layout":"default","site-content-style":"default","site-sidebar-style":"default","ast-global-header-display":"","ast-banner-title-visibility":"","ast-main-header-display":"","ast-hfb-above-header-display":"","ast-hfb-below-header-display":"","ast-hfb-mobile-header-display":"","site-post-title":"","ast-breadcrumbs-content":"","ast-featured-img":"","footer-sml-layout":"","ast-disable-related-posts":"","theme-transparent-header-meta":"default","adv-header-id-meta":"","stick-header-meta":"","header-above-stick-meta":"","header-main-stick-meta":"","header-below-stick-meta":"","astra-migrate-meta-layouts":"set","ast-page-background-enabled":"default","ast-page-background-meta":{"desktop":{"background-color":"","background-image":"","background-repeat":"repeat","background-position":"center center","background-size":"auto","background-attachment":"scroll","background-type":"","background-media":"","overlay-type":"","overlay-color":"","overlay-opacity":"","overlay-gradient":""},"tablet":{"background-color":"","background-image":"","background-repeat":"repeat","background-position":"center center","background-size":"auto","background-attachment":"scroll","background-type":"","background-media":"","overlay-type":"","overlay-color":"","overlay-opacity":"","overlay-gradient":""},"mobile":{"background-color":"","background-image":"","background-repeat":"repeat","background-position":"center center","background-size":"auto","background-attachment":"scroll","background-type":"","background-media":"","overlay-type":"","overlay-color":"","overlay-opacity":"","overlay-gradient":""}},"ast-content-background-meta":{"desktop":{"background-color":"var(--ast-global-color-5)","background-image":"","background-repeat":"repeat","background-position":"center center","background-size":"auto","background-attachment":"scroll","background-type":"","background-media":"","overlay-type":"","overlay-color":"","overlay-opacity":"","overlay-gradient":""},"tablet":{"background-color":"var(--ast-global-color-5)","background-image":"","background-repeat":"repeat","background-position":"center center","background-size":"auto","background-attachment":"scroll","background-type":"","background-media":"","overlay-type":"","overlay-color":"","overlay-opacity":"","overlay-gradient":""},"mobile":{"background-color":"var(--ast-global-color-5)","background-image":"","background-repeat":"repeat","background-position":"center center","background-size":"auto","background-attachment":"scroll","background-type":"","background-media":"","overlay-type":"","overlay-color":"","overlay-opacity":"","overlay-gradient":""}}},"product_brand":[],"product_cat":[34],"product_tag":[],"class_list":{"0":"post-9612","1":"product","2":"type-product","3":"status-publish","4":"has-post-thumbnail","6":"product_cat-metabolizem","7":"desktop-align-center","8":"tablet-align-center","9":"mobile-align-center","11":"first","12":"instock","13":"shipping-taxable","14":"purchasable","15":"product-type-variable"},"_links":{"self":[{"href":"https:\/\/musclegainalbania.com\/index.php?rest_route=\/wp\/v2\/product\/9612","targetHints":{"allow":["GET"]}}],"collection":[{"href":"https:\/\/musclegainalbania.com\/index.php?rest_route=\/wp\/v2\/product"}],"about":[{"href":"https:\/\/musclegainalbania.com\/index.php?rest_route=\/wp\/v2\/types\/product"}],"replies":[{"embeddable":true,"href":"https:\/\/musclegainalbania.com\/index.php?rest_route=%2Fwp%2Fv2%2Fcomments&post=9612"}],"wp:featuredmedia":[{"embeddable":true,"href":"https:\/\/musclegainalbania.com\/index.php?rest_route=\/wp\/v2\/media\/9615"}],"wp:attachment":[{"href":"https:\/\/musclegainalbania.com\/index.php?rest_route=%2Fwp%2Fv2%2Fmedia&parent=9612"}],"wp:term":[{"taxonomy":"product_brand","embeddable":true,"href":"https:\/\/musclegainalbania.com\/index.php?rest_route=%2Fwp%2Fv2%2Fproduct_brand&post=9612"},{"taxonomy":"product_cat","embeddable":true,"href":"https:\/\/musclegainalbania.com\/index.php?rest_route=%2Fwp%2Fv2%2Fproduct_cat&post=9612"},{"taxonomy":"product_tag","embeddable":true,"href":"https:\/\/musclegainalbania.com\/index.php?rest_route=%2Fwp%2Fv2%2Fproduct_tag&post=9612"}],"curies":[{"name":"wp","href":"https:\/\/api.w.org\/{rel}","templated":true}]}}