{"id":9573,"date":"2026-04-28T17:28:38","date_gmt":"2026-04-28T17:28:38","guid":{"rendered":"https:\/\/papayawhip-oyster-671994.hostingersite.com\/?post_type=product&#038;p=9573"},"modified":"2026-04-28T17:28:38","modified_gmt":"2026-04-28T17:28:38","slug":"iso-xp-1kg-choco-bueno","status":"publish","type":"product","link":"https:\/\/musclegainalbania.com\/?product=iso-xp-1kg-choco-bueno","title":{"rendered":"ISO XP 1kg Choco Bueno"},"content":{"rendered":"<p>ISO-XP \u2013 Applied Nutrition<\/p>\n<p>Arrit definim maksimal dhe performanc\u00eb t\u00eb past\u00ebr me ISO-XP, protein\u00eb izolate ultra e filtruar p\u00ebr p\u00ebrthithje shum\u00eb t\u00eb shpejt\u00eb dhe cil\u00ebsi t\u00eb lart\u00eb.<\/p>\n<p>E krijuar p\u00ebr atlet\u00eb serioz\u00eb dhe persona q\u00eb k\u00ebrkojn\u00eb rezultate t\u00eb pastra, ISO-XP p\u00ebrmban p\u00ebrqindje shum\u00eb t\u00eb lart\u00eb proteine me nivel minimal yndyrash, sheqernash dhe laktoze, duke e b\u00ebr\u00eb perfekte p\u00ebr faz\u00eb definimi dhe rikuperim optimal.<\/p>\n<p>P\u00ebrfitimet kryesore:<\/p>\n<p>* Protein\u00eb izolate ultra e past\u00ebr<br \/>\n* P\u00ebrthithje shum\u00eb e shpejt\u00eb<br \/>\n* Low fat, low sugar &amp; low lactose<br \/>\n* Ndihmon n\u00eb nd\u00ebrtimin dhe ruajtjen e mas\u00ebs muskulore<br \/>\n* Ideal p\u00ebr definim dhe diet\u00eb<\/p>\n<p>P\u00ebrb\u00ebrja kryesore:<\/p>\n<p>* Whey Protein Isolate me cil\u00ebsi premium<br \/>\n* Profil i plot\u00eb aminoacidesh (BCAA natyrale)<br \/>\n* Pa p\u00ebrmbajtje t\u00eb panevojshme<\/p>\n<p>P\u00ebrdorimi:<br \/>\nP\u00ebrziej 1 scoop me uj\u00eb dhe konsumojeni 1-3 her\u00eb n\u00eb dit\u00eb, idealisht pas st\u00ebrvitjes dhe\/ose gjat\u00eb dit\u00ebs p\u00ebr t\u00eb plot\u00ebsuar nevojat p\u00ebr proteina.<\/p>\n","protected":false},"excerpt":{"rendered":"<p>ISO-XP \u2013 Applied Nutrition Arrit definim maksimal dhe performanc\u00eb t\u00eb past\u00ebr me ISO-XP, protein\u00eb izolate ultra e filtruar p\u00ebr p\u00ebrthithje shum\u00eb t\u00eb shpejt\u00eb dhe cil\u00ebsi t\u00eb lart\u00eb. E krijuar p\u00ebr atlet\u00eb serioz\u00eb dhe persona q\u00eb k\u00ebrkojn\u00eb rezultate t\u00eb pastra, ISO-XP p\u00ebrmban p\u00ebrqindje shum\u00eb t\u00eb lart\u00eb proteine me nivel minimal yndyrash, sheqernash dhe laktoze, duke e [&hellip;]<\/p>\n","protected":false},"featured_media":9574,"comment_status":"open","ping_status":"closed","template":"","meta":{"site-sidebar-layout":"default","site-content-layout":"","ast-site-content-layout":"default","site-content-style":"default","site-sidebar-style":"default","ast-global-header-display":"","ast-banner-title-visibility":"","ast-main-header-display":"","ast-hfb-above-header-display":"","ast-hfb-below-header-display":"","ast-hfb-mobile-header-display":"","site-post-title":"","ast-breadcrumbs-content":"","ast-featured-img":"","footer-sml-layout":"","ast-disable-related-posts":"","theme-transparent-header-meta":"default","adv-header-id-meta":"","stick-header-meta":"","header-above-stick-meta":"","header-main-stick-meta":"","header-below-stick-meta":"","astra-migrate-meta-layouts":"set","ast-page-background-enabled":"default","ast-page-background-meta":{"desktop":{"background-color":"","background-image":"","background-repeat":"repeat","background-position":"center center","background-size":"auto","background-attachment":"scroll","background-type":"","background-media":"","overlay-type":"","overlay-color":"","overlay-opacity":"","overlay-gradient":""},"tablet":{"background-color":"","background-image":"","background-repeat":"repeat","background-position":"center center","background-size":"auto","background-attachment":"scroll","background-type":"","background-media":"","overlay-type":"","overlay-color":"","overlay-opacity":"","overlay-gradient":""},"mobile":{"background-color":"","background-image":"","background-repeat":"repeat","background-position":"center center","background-size":"auto","background-attachment":"scroll","background-type":"","background-media":"","overlay-type":"","overlay-color":"","overlay-opacity":"","overlay-gradient":""}},"ast-content-background-meta":{"desktop":{"background-color":"var(--ast-global-color-5)","background-image":"","background-repeat":"repeat","background-position":"center center","background-size":"auto","background-attachment":"scroll","background-type":"","background-media":"","overlay-type":"","overlay-color":"","overlay-opacity":"","overlay-gradient":""},"tablet":{"background-color":"var(--ast-global-color-5)","background-image":"","background-repeat":"repeat","background-position":"center center","background-size":"auto","background-attachment":"scroll","background-type":"","background-media":"","overlay-type":"","overlay-color":"","overlay-opacity":"","overlay-gradient":""},"mobile":{"background-color":"var(--ast-global-color-5)","background-image":"","background-repeat":"repeat","background-position":"center center","background-size":"auto","background-attachment":"scroll","background-type":"","background-media":"","overlay-type":"","overlay-color":"","overlay-opacity":"","overlay-gradient":""}}},"product_brand":[],"product_cat":[32],"product_tag":[],"class_list":{"0":"post-9573","1":"product","2":"type-product","3":"status-publish","4":"has-post-thumbnail","6":"product_cat-proteina","7":"desktop-align-center","8":"tablet-align-center","9":"mobile-align-center","11":"first","12":"instock","13":"shipping-taxable","14":"purchasable","15":"product-type-simple"},"_links":{"self":[{"href":"https:\/\/musclegainalbania.com\/index.php?rest_route=\/wp\/v2\/product\/9573","targetHints":{"allow":["GET"]}}],"collection":[{"href":"https:\/\/musclegainalbania.com\/index.php?rest_route=\/wp\/v2\/product"}],"about":[{"href":"https:\/\/musclegainalbania.com\/index.php?rest_route=\/wp\/v2\/types\/product"}],"replies":[{"embeddable":true,"href":"https:\/\/musclegainalbania.com\/index.php?rest_route=%2Fwp%2Fv2%2Fcomments&post=9573"}],"wp:featuredmedia":[{"embeddable":true,"href":"https:\/\/musclegainalbania.com\/index.php?rest_route=\/wp\/v2\/media\/9574"}],"wp:attachment":[{"href":"https:\/\/musclegainalbania.com\/index.php?rest_route=%2Fwp%2Fv2%2Fmedia&parent=9573"}],"wp:term":[{"taxonomy":"product_brand","embeddable":true,"href":"https:\/\/musclegainalbania.com\/index.php?rest_route=%2Fwp%2Fv2%2Fproduct_brand&post=9573"},{"taxonomy":"product_cat","embeddable":true,"href":"https:\/\/musclegainalbania.com\/index.php?rest_route=%2Fwp%2Fv2%2Fproduct_cat&post=9573"},{"taxonomy":"product_tag","embeddable":true,"href":"https:\/\/musclegainalbania.com\/index.php?rest_route=%2Fwp%2Fv2%2Fproduct_tag&post=9573"}],"curies":[{"name":"wp","href":"https:\/\/api.w.org\/{rel}","templated":true}]}}