{"id":9404,"date":"2026-04-06T15:15:46","date_gmt":"2026-04-06T15:15:46","guid":{"rendered":"https:\/\/papayawhip-oyster-671994.hostingersite.com\/?post_type=product&#038;p=9404"},"modified":"2026-05-06T15:34:48","modified_gmt":"2026-05-06T15:34:48","slug":"sex-bomb","status":"publish","type":"product","link":"https:\/\/musclegainalbania.com\/?product=sex-bomb","title":{"rendered":"Sex Bomb"},"content":{"rendered":"<p>Sex Bomb for HIM \u00ebsht\u00eb nj\u00eb suplement libido p\u00ebr meshkuj i krijuar p\u00ebr t\u00eb ndihmuar rritjen e d\u00ebshir\u00ebs seksuale dhe p\u00ebrmir\u00ebsimin e performanc\u00ebs intime.<\/p>\n<p>P\u00ebr \u00e7far\u00eb sh\u00ebrben:<br \/>\npromovon sh\u00ebndetin seksual te burrat<br \/>\nndihmon n\u00eb rritjen e libidos<br \/>\nmund t\u00eb p\u00ebrmir\u00ebsoj\u00eb arousal\u2011in dhe ndjeshm\u00ebrin\u00eb p\u00ebrmes qarkullimit m\u00eb t\u00eb mir\u00eb t\u00eb gjakut<\/p>\n<p>Forma dhe p\u00ebrdorimi:<br \/>\nvjen n\u00eb 120 kapsula (rreth 60 doza)<br \/>\nzakonisht 2 kapsula n\u00eb dit\u00eb para gjumit<\/p>\n<p>Si funksionon: P\u00ebrmban aminoacide dhe ekstrakte bimore si L\u2011arginin\u00eb, maca, ashwagandha, fenugreek, tribulus dhe ginseng, t\u00eb cilat mb\u00ebshtesin energjin\u00eb, qarkullimin e gjakut dhe vitalitetin.<\/p>\n<p>Ky suplement p\u00ebrdoret si mb\u00ebshtetje natyrale p\u00ebr libidon dhe performanc\u00ebn seksuale, por nuk z\u00ebvend\u00ebson nj\u00eb stil jetese t\u00eb sh\u00ebndetsh\u00ebm.<\/p>\n","protected":false},"excerpt":{"rendered":"<p>Sex Bomb for HIM \u00ebsht\u00eb nj\u00eb suplement libido p\u00ebr meshkuj i krijuar p\u00ebr t\u00eb ndihmuar rritjen e d\u00ebshir\u00ebs seksuale dhe p\u00ebrmir\u00ebsimin e performanc\u00ebs intime. P\u00ebr \u00e7far\u00eb sh\u00ebrben: promovon sh\u00ebndetin seksual te burrat ndihmon n\u00eb rritjen e libidos mund t\u00eb p\u00ebrmir\u00ebsoj\u00eb arousal\u2011in dhe ndjeshm\u00ebrin\u00eb p\u00ebrmes qarkullimit m\u00eb t\u00eb mir\u00eb t\u00eb gjakut Forma dhe p\u00ebrdorimi: vjen n\u00eb [&hellip;]<\/p>\n","protected":false},"featured_media":9405,"comment_status":"open","ping_status":"closed","template":"","meta":{"site-sidebar-layout":"default","site-content-layout":"","ast-site-content-layout":"default","site-content-style":"default","site-sidebar-style":"default","ast-global-header-display":"","ast-banner-title-visibility":"","ast-main-header-display":"","ast-hfb-above-header-display":"","ast-hfb-below-header-display":"","ast-hfb-mobile-header-display":"","site-post-title":"","ast-breadcrumbs-content":"","ast-featured-img":"","footer-sml-layout":"","ast-disable-related-posts":"","theme-transparent-header-meta":"default","adv-header-id-meta":"","stick-header-meta":"","header-above-stick-meta":"","header-main-stick-meta":"","header-below-stick-meta":"","astra-migrate-meta-layouts":"set","ast-page-background-enabled":"default","ast-page-background-meta":{"desktop":{"background-color":"","background-image":"","background-repeat":"repeat","background-position":"center center","background-size":"auto","background-attachment":"scroll","background-type":"","background-media":"","overlay-type":"","overlay-color":"","overlay-opacity":"","overlay-gradient":""},"tablet":{"background-color":"","background-image":"","background-repeat":"repeat","background-position":"center center","background-size":"auto","background-attachment":"scroll","background-type":"","background-media":"","overlay-type":"","overlay-color":"","overlay-opacity":"","overlay-gradient":""},"mobile":{"background-color":"","background-image":"","background-repeat":"repeat","background-position":"center center","background-size":"auto","background-attachment":"scroll","background-type":"","background-media":"","overlay-type":"","overlay-color":"","overlay-opacity":"","overlay-gradient":""}},"ast-content-background-meta":{"desktop":{"background-color":"var(--ast-global-color-5)","background-image":"","background-repeat":"repeat","background-position":"center center","background-size":"auto","background-attachment":"scroll","background-type":"","background-media":"","overlay-type":"","overlay-color":"","overlay-opacity":"","overlay-gradient":""},"tablet":{"background-color":"var(--ast-global-color-5)","background-image":"","background-repeat":"repeat","background-position":"center center","background-size":"auto","background-attachment":"scroll","background-type":"","background-media":"","overlay-type":"","overlay-color":"","overlay-opacity":"","overlay-gradient":""},"mobile":{"background-color":"var(--ast-global-color-5)","background-image":"","background-repeat":"repeat","background-position":"center center","background-size":"auto","background-attachment":"scroll","background-type":"","background-media":"","overlay-type":"","overlay-color":"","overlay-opacity":"","overlay-gradient":""}}},"product_brand":[],"product_cat":[34],"product_tag":[],"class_list":{"0":"post-9404","1":"product","2":"type-product","3":"status-publish","4":"has-post-thumbnail","6":"product_cat-metabolizem","7":"desktop-align-center","8":"tablet-align-center","9":"mobile-align-center","11":"first","12":"instock","13":"shipping-taxable","14":"purchasable","15":"product-type-simple"},"_links":{"self":[{"href":"https:\/\/musclegainalbania.com\/index.php?rest_route=\/wp\/v2\/product\/9404","targetHints":{"allow":["GET"]}}],"collection":[{"href":"https:\/\/musclegainalbania.com\/index.php?rest_route=\/wp\/v2\/product"}],"about":[{"href":"https:\/\/musclegainalbania.com\/index.php?rest_route=\/wp\/v2\/types\/product"}],"replies":[{"embeddable":true,"href":"https:\/\/musclegainalbania.com\/index.php?rest_route=%2Fwp%2Fv2%2Fcomments&post=9404"}],"wp:featuredmedia":[{"embeddable":true,"href":"https:\/\/musclegainalbania.com\/index.php?rest_route=\/wp\/v2\/media\/9405"}],"wp:attachment":[{"href":"https:\/\/musclegainalbania.com\/index.php?rest_route=%2Fwp%2Fv2%2Fmedia&parent=9404"}],"wp:term":[{"taxonomy":"product_brand","embeddable":true,"href":"https:\/\/musclegainalbania.com\/index.php?rest_route=%2Fwp%2Fv2%2Fproduct_brand&post=9404"},{"taxonomy":"product_cat","embeddable":true,"href":"https:\/\/musclegainalbania.com\/index.php?rest_route=%2Fwp%2Fv2%2Fproduct_cat&post=9404"},{"taxonomy":"product_tag","embeddable":true,"href":"https:\/\/musclegainalbania.com\/index.php?rest_route=%2Fwp%2Fv2%2Fproduct_tag&post=9404"}],"curies":[{"name":"wp","href":"https:\/\/api.w.org\/{rel}","templated":true}]}}