{"id":9385,"date":"2026-04-06T14:40:53","date_gmt":"2026-04-06T14:40:53","guid":{"rendered":"https:\/\/papayawhip-oyster-671994.hostingersite.com\/?post_type=product&#038;p=9385"},"modified":"2026-04-06T18:51:59","modified_gmt":"2026-04-06T18:51:59","slug":"yava-labs-creatine-500-mg","status":"publish","type":"product","link":"https:\/\/musclegainalbania.com\/?product=yava-labs-creatine-500-mg","title":{"rendered":"Creatine 500 mg YAVA LABS"},"content":{"rendered":"<p>Creatine nga Yava Labs \u00ebsht\u00eb nj\u00eb suplement sportiv q\u00eb p\u00ebrmban kreatin\u00eb monohidrate, e cila ndihmon n\u00eb rritjen e forc\u00ebs, energjis\u00eb dhe performanc\u00ebs gjat\u00eb ushtrimeve me intensitet t\u00eb lart\u00eb.<\/p>\n<p>P\u00ebrdoret p\u00ebr:<\/p>\n<p>rritjen e fuqis\u00eb dhe mas\u00ebs muskulore<br \/>\np\u00ebrmir\u00ebsimin e performanc\u00ebs fizike<br \/>\nrikuperim m\u00eb t\u00eb shpejt\u00eb pas st\u00ebrvitjes<\/p>\n<p>Doza t\u00eb vogla si 500 mg (n\u00eb kapsula ose forma t\u00eb tjera) zakonisht p\u00ebrdoren si pjes\u00eb e doz\u00ebs ditore, nd\u00ebrsa doza standarde efektive \u00ebsht\u00eb rreth 3\u20135 g n\u00eb dit\u00eb p\u00ebr rezultate optimale.<\/p>\n<p>Merret zakonisht para ose pas st\u00ebrvitjes dhe \u00ebsht\u00eb i p\u00ebrshtatsh\u00ebm p\u00ebr sportist\u00eb dhe persona q\u00eb duan t\u00eb rrisin performanc\u00ebn dhe forc\u00ebn.<\/p>\n","protected":false},"excerpt":{"rendered":"<p>Creatine nga Yava Labs \u00ebsht\u00eb nj\u00eb suplement sportiv q\u00eb p\u00ebrmban kreatin\u00eb monohidrate, e cila ndihmon n\u00eb rritjen e forc\u00ebs, energjis\u00eb dhe performanc\u00ebs gjat\u00eb ushtrimeve me intensitet t\u00eb lart\u00eb. P\u00ebrdoret p\u00ebr: rritjen e fuqis\u00eb dhe mas\u00ebs muskulore p\u00ebrmir\u00ebsimin e performanc\u00ebs fizike rikuperim m\u00eb t\u00eb shpejt\u00eb pas st\u00ebrvitjes Doza t\u00eb vogla si 500 mg (n\u00eb kapsula ose [&hellip;]<\/p>\n","protected":false},"featured_media":9386,"comment_status":"open","ping_status":"closed","template":"","meta":{"site-sidebar-layout":"default","site-content-layout":"","ast-site-content-layout":"default","site-content-style":"default","site-sidebar-style":"default","ast-global-header-display":"","ast-banner-title-visibility":"","ast-main-header-display":"","ast-hfb-above-header-display":"","ast-hfb-below-header-display":"","ast-hfb-mobile-header-display":"","site-post-title":"","ast-breadcrumbs-content":"","ast-featured-img":"","footer-sml-layout":"","ast-disable-related-posts":"","theme-transparent-header-meta":"default","adv-header-id-meta":"","stick-header-meta":"","header-above-stick-meta":"","header-main-stick-meta":"","header-below-stick-meta":"","astra-migrate-meta-layouts":"set","ast-page-background-enabled":"default","ast-page-background-meta":{"desktop":{"background-color":"","background-image":"","background-repeat":"repeat","background-position":"center center","background-size":"auto","background-attachment":"scroll","background-type":"","background-media":"","overlay-type":"","overlay-color":"","overlay-opacity":"","overlay-gradient":""},"tablet":{"background-color":"","background-image":"","background-repeat":"repeat","background-position":"center center","background-size":"auto","background-attachment":"scroll","background-type":"","background-media":"","overlay-type":"","overlay-color":"","overlay-opacity":"","overlay-gradient":""},"mobile":{"background-color":"","background-image":"","background-repeat":"repeat","background-position":"center center","background-size":"auto","background-attachment":"scroll","background-type":"","background-media":"","overlay-type":"","overlay-color":"","overlay-opacity":"","overlay-gradient":""}},"ast-content-background-meta":{"desktop":{"background-color":"var(--ast-global-color-5)","background-image":"","background-repeat":"repeat","background-position":"center center","background-size":"auto","background-attachment":"scroll","background-type":"","background-media":"","overlay-type":"","overlay-color":"","overlay-opacity":"","overlay-gradient":""},"tablet":{"background-color":"var(--ast-global-color-5)","background-image":"","background-repeat":"repeat","background-position":"center center","background-size":"auto","background-attachment":"scroll","background-type":"","background-media":"","overlay-type":"","overlay-color":"","overlay-opacity":"","overlay-gradient":""},"mobile":{"background-color":"var(--ast-global-color-5)","background-image":"","background-repeat":"repeat","background-position":"center center","background-size":"auto","background-attachment":"scroll","background-type":"","background-media":"","overlay-type":"","overlay-color":"","overlay-opacity":"","overlay-gradient":""}}},"product_brand":[],"product_cat":[37,33],"product_tag":[],"class_list":{"0":"post-9385","1":"product","2":"type-product","3":"status-publish","4":"has-post-thumbnail","6":"product_cat-best-selling-products","7":"product_cat-creatine","8":"desktop-align-center","9":"tablet-align-center","10":"mobile-align-center","12":"first","13":"instock","14":"shipping-taxable","15":"purchasable","16":"product-type-simple"},"_links":{"self":[{"href":"https:\/\/musclegainalbania.com\/index.php?rest_route=\/wp\/v2\/product\/9385","targetHints":{"allow":["GET"]}}],"collection":[{"href":"https:\/\/musclegainalbania.com\/index.php?rest_route=\/wp\/v2\/product"}],"about":[{"href":"https:\/\/musclegainalbania.com\/index.php?rest_route=\/wp\/v2\/types\/product"}],"replies":[{"embeddable":true,"href":"https:\/\/musclegainalbania.com\/index.php?rest_route=%2Fwp%2Fv2%2Fcomments&post=9385"}],"wp:featuredmedia":[{"embeddable":true,"href":"https:\/\/musclegainalbania.com\/index.php?rest_route=\/wp\/v2\/media\/9386"}],"wp:attachment":[{"href":"https:\/\/musclegainalbania.com\/index.php?rest_route=%2Fwp%2Fv2%2Fmedia&parent=9385"}],"wp:term":[{"taxonomy":"product_brand","embeddable":true,"href":"https:\/\/musclegainalbania.com\/index.php?rest_route=%2Fwp%2Fv2%2Fproduct_brand&post=9385"},{"taxonomy":"product_cat","embeddable":true,"href":"https:\/\/musclegainalbania.com\/index.php?rest_route=%2Fwp%2Fv2%2Fproduct_cat&post=9385"},{"taxonomy":"product_tag","embeddable":true,"href":"https:\/\/musclegainalbania.com\/index.php?rest_route=%2Fwp%2Fv2%2Fproduct_tag&post=9385"}],"curies":[{"name":"wp","href":"https:\/\/api.w.org\/{rel}","templated":true}]}}