{"id":9283,"date":"2026-03-25T12:35:54","date_gmt":"2026-03-25T12:35:54","guid":{"rendered":"https:\/\/papayawhip-oyster-671994.hostingersite.com\/product\/yava-labs-protein-cookie-dough-cookies-mango\/"},"modified":"2026-04-28T18:37:37","modified_gmt":"2026-04-28T18:37:37","slug":"yava-labs-protein-cookie-dough-cookies-mango","status":"publish","type":"product","link":"https:\/\/musclegainalbania.com\/?product=yava-labs-protein-cookie-dough-cookies-mango","title":{"rendered":"Yava Labs Protein Cookie Dough"},"content":{"rendered":"<p>Protein Cookie Dough \u2013 Yava Labs<\/p>\n<p>Shijo nj\u00eb alternativ\u00eb moderne t\u00eb \u00ebmb\u00eblsirave me Protein Cookie Dough nga Yava Labs, nj\u00eb produkt i krijuar p\u00ebr t\u00eb kombinuar shijen e pasur t\u00eb cookie dough me vlera t\u00eb larta ushqyese. Me nj\u00eb tekstur\u00eb t\u00eb but\u00eb dhe kremoze, ky produkt ofron eksperienc\u00ebn autentike t\u00eb brumit t\u00eb biskotave, duke qen\u00eb nj\u00ebkoh\u00ebsisht i pasuruar me proteina cil\u00ebsore.<\/p>\n<p>\u00c7do porcion p\u00ebrmban rreth 22g protein\u00eb, duke e b\u00ebr\u00eb nj\u00eb zgjedhje ideale p\u00ebr pas st\u00ebrvitjes, si snack gjat\u00eb dit\u00ebs ose si z\u00ebvend\u00ebsues i \u00ebmb\u00eblsirave tradicionale. \u00cbsht\u00eb i thjesht\u00eb p\u00ebr t\u2019u p\u00ebrgatitur dhe gati n\u00eb pak sekonda, duke ju lejuar t\u00eb p\u00ebrshtatni konsistenc\u00ebn sipas preferenc\u00ebs suaj.<\/p>\n<p>Pikat kryesore<\/p>\n<p>* P\u00ebrmbajtje e lart\u00eb proteinike p\u00ebr mb\u00ebshtetje t\u00eb rikuperimit dhe energjis\u00eb<br \/>\n* Tekstur\u00eb e but\u00eb dhe shije e pasur si cookie dough<br \/>\n* P\u00ebrgatitje e shpejt\u00eb dhe praktike<br \/>\n* Alternativ\u00eb m\u00eb e balancuar ndaj \u00ebmb\u00eblsirave klasike<br \/>\n* I p\u00ebrshtatsh\u00ebm p\u00ebr \u00e7do moment t\u00eb dit\u00eb<\/p>\n<p>P\u00ebrdorimi<\/p>\n<p>P\u00ebrziej 1 scoop (rreth 40g) me 100\u2013150 ml uj\u00eb ose qum\u00ebsht derisa t\u00eb arrihet konsistenca e d\u00ebshiruar. Konsumohet menj\u00ebher\u00eb.<\/p>\n","protected":false},"excerpt":{"rendered":"<p>Protein Cookie Dough \u2013 Yava Labs Shijo nj\u00eb alternativ\u00eb moderne t\u00eb \u00ebmb\u00eblsirave me Protein Cookie Dough nga Yava Labs, nj\u00eb produkt i krijuar p\u00ebr t\u00eb kombinuar shijen e pasur t\u00eb cookie dough me vlera t\u00eb larta ushqyese. Me nj\u00eb tekstur\u00eb t\u00eb but\u00eb dhe kremoze, ky produkt ofron eksperienc\u00ebn autentike t\u00eb brumit t\u00eb biskotave, duke qen\u00eb [&hellip;]<\/p>\n","protected":false},"featured_media":9177,"comment_status":"open","ping_status":"closed","template":"","meta":{"site-sidebar-layout":"default","site-content-layout":"","ast-site-content-layout":"default","site-content-style":"default","site-sidebar-style":"default","ast-global-header-display":"","ast-banner-title-visibility":"","ast-main-header-display":"","ast-hfb-above-header-display":"","ast-hfb-below-header-display":"","ast-hfb-mobile-header-display":"","site-post-title":"","ast-breadcrumbs-content":"","ast-featured-img":"","footer-sml-layout":"","ast-disable-related-posts":"","theme-transparent-header-meta":"default","adv-header-id-meta":"","stick-header-meta":"","header-above-stick-meta":"","header-main-stick-meta":"","header-below-stick-meta":"","astra-migrate-meta-layouts":"set","ast-page-background-enabled":"default","ast-page-background-meta":{"desktop":{"background-color":"","background-image":"","background-repeat":"repeat","background-position":"center center","background-size":"auto","background-attachment":"scroll","background-type":"","background-media":"","overlay-type":"","overlay-color":"","overlay-opacity":"","overlay-gradient":""},"tablet":{"background-color":"","background-image":"","background-repeat":"repeat","background-position":"center center","background-size":"auto","background-attachment":"scroll","background-type":"","background-media":"","overlay-type":"","overlay-color":"","overlay-opacity":"","overlay-gradient":""},"mobile":{"background-color":"","background-image":"","background-repeat":"repeat","background-position":"center center","background-size":"auto","background-attachment":"scroll","background-type":"","background-media":"","overlay-type":"","overlay-color":"","overlay-opacity":"","overlay-gradient":""}},"ast-content-background-meta":{"desktop":{"background-color":"var(--ast-global-color-5)","background-image":"","background-repeat":"repeat","background-position":"center center","background-size":"auto","background-attachment":"scroll","background-type":"","background-media":"","overlay-type":"","overlay-color":"","overlay-opacity":"","overlay-gradient":""},"tablet":{"background-color":"var(--ast-global-color-5)","background-image":"","background-repeat":"repeat","background-position":"center center","background-size":"auto","background-attachment":"scroll","background-type":"","background-media":"","overlay-type":"","overlay-color":"","overlay-opacity":"","overlay-gradient":""},"mobile":{"background-color":"var(--ast-global-color-5)","background-image":"","background-repeat":"repeat","background-position":"center center","background-size":"auto","background-attachment":"scroll","background-type":"","background-media":"","overlay-type":"","overlay-color":"","overlay-opacity":"","overlay-gradient":""}}},"product_brand":[],"product_cat":[32],"product_tag":[],"class_list":{"0":"post-9283","1":"product","2":"type-product","3":"status-publish","4":"has-post-thumbnail","6":"product_cat-proteina","7":"desktop-align-center","8":"tablet-align-center","9":"mobile-align-center","11":"first","12":"instock","13":"shipping-taxable","14":"purchasable","15":"product-type-variable"},"_links":{"self":[{"href":"https:\/\/musclegainalbania.com\/index.php?rest_route=\/wp\/v2\/product\/9283","targetHints":{"allow":["GET"]}}],"collection":[{"href":"https:\/\/musclegainalbania.com\/index.php?rest_route=\/wp\/v2\/product"}],"about":[{"href":"https:\/\/musclegainalbania.com\/index.php?rest_route=\/wp\/v2\/types\/product"}],"replies":[{"embeddable":true,"href":"https:\/\/musclegainalbania.com\/index.php?rest_route=%2Fwp%2Fv2%2Fcomments&post=9283"}],"wp:featuredmedia":[{"embeddable":true,"href":"https:\/\/musclegainalbania.com\/index.php?rest_route=\/wp\/v2\/media\/9177"}],"wp:attachment":[{"href":"https:\/\/musclegainalbania.com\/index.php?rest_route=%2Fwp%2Fv2%2Fmedia&parent=9283"}],"wp:term":[{"taxonomy":"product_brand","embeddable":true,"href":"https:\/\/musclegainalbania.com\/index.php?rest_route=%2Fwp%2Fv2%2Fproduct_brand&post=9283"},{"taxonomy":"product_cat","embeddable":true,"href":"https:\/\/musclegainalbania.com\/index.php?rest_route=%2Fwp%2Fv2%2Fproduct_cat&post=9283"},{"taxonomy":"product_tag","embeddable":true,"href":"https:\/\/musclegainalbania.com\/index.php?rest_route=%2Fwp%2Fv2%2Fproduct_tag&post=9283"}],"curies":[{"name":"wp","href":"https:\/\/api.w.org\/{rel}","templated":true}]}}