{"id":9251,"date":"2026-03-25T12:35:48","date_gmt":"2026-03-25T12:35:48","guid":{"rendered":"https:\/\/papayawhip-oyster-671994.hostingersite.com\/product\/applied-nutrition-milk-thistle\/"},"modified":"2026-04-30T17:24:00","modified_gmt":"2026-04-30T17:24:00","slug":"applied-nutrition-milk-thistle","status":"publish","type":"product","link":"https:\/\/musclegainalbania.com\/?product=applied-nutrition-milk-thistle","title":{"rendered":"Applied Nutrition Milk Thistle"},"content":{"rendered":"<p data-start=\"0\" data-end=\"36\"><strong data-start=\"0\" data-end=\"36\">Milk Thistle \u2013 Applied Nutrition<\/strong><\/p>\n<p data-start=\"38\" data-end=\"207\">Milk Thistle nga Applied Nutrition \u00ebsht\u00eb nj\u00eb suplement bimor premium i formuluar p\u00ebr t\u00eb mb\u00ebshtetur sh\u00ebndetin e m\u00ebl\u00e7is\u00eb dhe proceset natyrale t\u00eb detoksifikimit t\u00eb trupit.<\/p>\n<p data-start=\"209\" data-end=\"411\">I pasur me <strong data-start=\"220\" data-end=\"237\">80% silymarin<\/strong>, p\u00ebrb\u00ebr\u00ebsi aktiv i ekstraktit t\u00eb <em data-start=\"271\" data-end=\"289\">Silybum marianum<\/em>, ky produkt ndihmon n\u00eb mbrojtjen e qelizave t\u00eb m\u00ebl\u00e7is\u00eb nga stresi oksidativ dhe kontribuon n\u00eb funksionimin normal t\u00eb saj.<\/p>\n<h3 data-section-id=\"1dip94x\" data-start=\"413\" data-end=\"439\">P\u00ebrfitimet kryesore:<\/h3>\n<ul data-start=\"440\" data-end=\"622\">\n<li data-section-id=\"1oiselg\" data-start=\"440\" data-end=\"487\">Mb\u00ebshtet sh\u00ebndetin dhe funksionin e m\u00ebl\u00e7is\u00eb<\/li>\n<li data-section-id=\"1fhft0\" data-start=\"488\" data-end=\"534\">Ndihmon procesin natyral t\u00eb detoksifikimit<\/li>\n<li data-section-id=\"14d1e6t\" data-start=\"535\" data-end=\"571\">Burim i fuqish\u00ebm antioksidant\u00ebsh<\/li>\n<li data-section-id=\"z6bd0v\" data-start=\"572\" data-end=\"622\">Mb\u00ebshtet tretjen dhe mir\u00ebqenien e p\u00ebrgjithshme<\/li>\n<\/ul>\n<h3 data-section-id=\"1qn5906\" data-start=\"624\" data-end=\"641\">P\u00ebrdorimi:<\/h3>\n<p data-start=\"642\" data-end=\"698\">Merrni 1 kapsul\u00eb 1\u20132 her\u00eb n\u00eb dit\u00eb, preferohet me ushqim.<\/p>\n","protected":false},"excerpt":{"rendered":"<p>Milk Thistle \u2013 Applied Nutrition Milk Thistle nga Applied Nutrition \u00ebsht\u00eb nj\u00eb suplement bimor premium i formuluar p\u00ebr t\u00eb mb\u00ebshtetur sh\u00ebndetin e m\u00ebl\u00e7is\u00eb dhe proceset natyrale t\u00eb detoksifikimit t\u00eb trupit. I pasur me 80% silymarin, p\u00ebrb\u00ebr\u00ebsi aktiv i ekstraktit t\u00eb Silybum marianum, ky produkt ndihmon n\u00eb mbrojtjen e qelizave t\u00eb m\u00ebl\u00e7is\u00eb nga stresi oksidativ dhe [&hellip;]<\/p>\n","protected":false},"featured_media":9190,"comment_status":"open","ping_status":"closed","template":"","meta":{"site-sidebar-layout":"default","site-content-layout":"","ast-site-content-layout":"default","site-content-style":"default","site-sidebar-style":"default","ast-global-header-display":"","ast-banner-title-visibility":"","ast-main-header-display":"","ast-hfb-above-header-display":"","ast-hfb-below-header-display":"","ast-hfb-mobile-header-display":"","site-post-title":"","ast-breadcrumbs-content":"","ast-featured-img":"","footer-sml-layout":"","ast-disable-related-posts":"","theme-transparent-header-meta":"default","adv-header-id-meta":"","stick-header-meta":"","header-above-stick-meta":"","header-main-stick-meta":"","header-below-stick-meta":"","astra-migrate-meta-layouts":"set","ast-page-background-enabled":"default","ast-page-background-meta":{"desktop":{"background-color":"","background-image":"","background-repeat":"repeat","background-position":"center center","background-size":"auto","background-attachment":"scroll","background-type":"","background-media":"","overlay-type":"","overlay-color":"","overlay-opacity":"","overlay-gradient":""},"tablet":{"background-color":"","background-image":"","background-repeat":"repeat","background-position":"center center","background-size":"auto","background-attachment":"scroll","background-type":"","background-media":"","overlay-type":"","overlay-color":"","overlay-opacity":"","overlay-gradient":""},"mobile":{"background-color":"","background-image":"","background-repeat":"repeat","background-position":"center center","background-size":"auto","background-attachment":"scroll","background-type":"","background-media":"","overlay-type":"","overlay-color":"","overlay-opacity":"","overlay-gradient":""}},"ast-content-background-meta":{"desktop":{"background-color":"var(--ast-global-color-5)","background-image":"","background-repeat":"repeat","background-position":"center center","background-size":"auto","background-attachment":"scroll","background-type":"","background-media":"","overlay-type":"","overlay-color":"","overlay-opacity":"","overlay-gradient":""},"tablet":{"background-color":"var(--ast-global-color-5)","background-image":"","background-repeat":"repeat","background-position":"center center","background-size":"auto","background-attachment":"scroll","background-type":"","background-media":"","overlay-type":"","overlay-color":"","overlay-opacity":"","overlay-gradient":""},"mobile":{"background-color":"var(--ast-global-color-5)","background-image":"","background-repeat":"repeat","background-position":"center center","background-size":"auto","background-attachment":"scroll","background-type":"","background-media":"","overlay-type":"","overlay-color":"","overlay-opacity":"","overlay-gradient":""}}},"product_brand":[],"product_cat":[34],"product_tag":[],"class_list":{"0":"post-9251","1":"product","2":"type-product","3":"status-publish","4":"has-post-thumbnail","6":"product_cat-metabolizem","7":"desktop-align-center","8":"tablet-align-center","9":"mobile-align-center","11":"first","12":"instock","13":"shipping-taxable","14":"purchasable","15":"product-type-simple"},"_links":{"self":[{"href":"https:\/\/musclegainalbania.com\/index.php?rest_route=\/wp\/v2\/product\/9251","targetHints":{"allow":["GET"]}}],"collection":[{"href":"https:\/\/musclegainalbania.com\/index.php?rest_route=\/wp\/v2\/product"}],"about":[{"href":"https:\/\/musclegainalbania.com\/index.php?rest_route=\/wp\/v2\/types\/product"}],"replies":[{"embeddable":true,"href":"https:\/\/musclegainalbania.com\/index.php?rest_route=%2Fwp%2Fv2%2Fcomments&post=9251"}],"wp:featuredmedia":[{"embeddable":true,"href":"https:\/\/musclegainalbania.com\/index.php?rest_route=\/wp\/v2\/media\/9190"}],"wp:attachment":[{"href":"https:\/\/musclegainalbania.com\/index.php?rest_route=%2Fwp%2Fv2%2Fmedia&parent=9251"}],"wp:term":[{"taxonomy":"product_brand","embeddable":true,"href":"https:\/\/musclegainalbania.com\/index.php?rest_route=%2Fwp%2Fv2%2Fproduct_brand&post=9251"},{"taxonomy":"product_cat","embeddable":true,"href":"https:\/\/musclegainalbania.com\/index.php?rest_route=%2Fwp%2Fv2%2Fproduct_cat&post=9251"},{"taxonomy":"product_tag","embeddable":true,"href":"https:\/\/musclegainalbania.com\/index.php?rest_route=%2Fwp%2Fv2%2Fproduct_tag&post=9251"}],"curies":[{"name":"wp","href":"https:\/\/api.w.org\/{rel}","templated":true}]}}