{"id":9249,"date":"2026-03-25T12:35:47","date_gmt":"2026-03-25T12:35:47","guid":{"rendered":"https:\/\/papayawhip-oyster-671994.hostingersite.com\/product\/yava-labs-collagen-hyaluronic-acid-grapefruit\/"},"modified":"2026-04-30T18:56:16","modified_gmt":"2026-04-30T18:56:16","slug":"yava-labs-collagen-hyaluronic-acid","status":"publish","type":"product","link":"https:\/\/musclegainalbania.com\/?product=yava-labs-collagen-hyaluronic-acid","title":{"rendered":"Yava Labs Collagen + Hyaluronic Acid"},"content":{"rendered":"<p data-start=\"118\" data-end=\"507\">Collagen + Hyaluronic Acid nga Yava Labs \u00ebsht\u00eb nj\u00eb suplement ushqimor premium i krijuar p\u00ebr t\u00eb mb\u00ebshtetur bukurin\u00eb dhe sh\u00ebndetin nga brenda. Me nj\u00eb formul\u00eb t\u00eb avancuar q\u00eb kombinon kolagjen, acid hialuronik, vitamin\u00eb C, MSM dhe glukozamin\u00eb, ky produkt ndihmon n\u00eb ruajtjen e elasticitetit t\u00eb l\u00ebkur\u00ebs, hidratimin dhe sh\u00ebndetin e p\u00ebrgjithsh\u00ebm t\u00eb ky\u00e7eve.<\/p>\n<p data-start=\"509\" data-end=\"732\">Ky kompleks unik \u00ebsht\u00eb ideal p\u00ebr ata q\u00eb k\u00ebrkojn\u00eb t\u00eb p\u00ebrmir\u00ebsojn\u00eb pamjen e l\u00ebkur\u00ebs, t\u00eb forcojn\u00eb flok\u00ebt dhe thonjt\u00eb, si dhe t\u00eb mb\u00ebshtesin rikuperimin e muskujve dhe funksionin e ky\u00e7eve.<\/p>\n<p data-start=\"734\" data-end=\"758\"><strong data-start=\"734\" data-end=\"758\">P\u00ebrfitimet kryesore:<\/strong><\/p>\n<ul data-start=\"759\" data-end=\"1004\">\n<li data-section-id=\"wl4ete\" data-start=\"759\" data-end=\"810\">Mb\u00ebshtet elasticitetin dhe hidratimin e l\u00ebkur\u00ebs<\/li>\n<li data-section-id=\"8njcnj\" data-start=\"811\" data-end=\"856\">Ndihmon n\u00eb forcimin e flok\u00ebve dhe thonjve<\/li>\n<li data-section-id=\"i6tvr7\" data-start=\"857\" data-end=\"905\">Kontribuon n\u00eb sh\u00ebndetin e ky\u00e7eve dhe kockave<\/li>\n<li data-section-id=\"7u2swa\" data-start=\"906\" data-end=\"954\">P\u00ebrmir\u00ebson rikuperimin pas aktivitetit fizik<\/li>\n<li data-section-id=\"16ijcfu\" data-start=\"955\" data-end=\"1004\">Formul\u00eb e pasur me kolagjen dhe antioksidant\u00eb<\/li>\n<\/ul>\n<p data-start=\"1224\" data-end=\"1381\"><strong data-start=\"1224\" data-end=\"1252\">P\u00ebrdorimi i rekomanduar:<\/strong><br \/>\nP\u00ebrzieni 1 lug\u00eb (rreth 10\u201320 g) me 200 ml uj\u00eb dhe konsumojeni menj\u00ebher\u00eb pas p\u00ebrgatitjes.<\/p>\n","protected":false},"excerpt":{"rendered":"<p>Collagen + Hyaluronic Acid nga Yava Labs \u00ebsht\u00eb nj\u00eb suplement ushqimor premium i krijuar p\u00ebr t\u00eb mb\u00ebshtetur bukurin\u00eb dhe sh\u00ebndetin nga brenda. Me nj\u00eb formul\u00eb t\u00eb avancuar q\u00eb kombinon kolagjen, acid hialuronik, vitamin\u00eb C, MSM dhe glukozamin\u00eb, ky produkt ndihmon n\u00eb ruajtjen e elasticitetit t\u00eb l\u00ebkur\u00ebs, hidratimin dhe sh\u00ebndetin e p\u00ebrgjithsh\u00ebm t\u00eb ky\u00e7eve. Ky kompleks [&hellip;]<\/p>\n","protected":false},"featured_media":9162,"comment_status":"open","ping_status":"closed","template":"","meta":{"site-sidebar-layout":"default","site-content-layout":"","ast-site-content-layout":"default","site-content-style":"default","site-sidebar-style":"default","ast-global-header-display":"","ast-banner-title-visibility":"","ast-main-header-display":"","ast-hfb-above-header-display":"","ast-hfb-below-header-display":"","ast-hfb-mobile-header-display":"","site-post-title":"","ast-breadcrumbs-content":"","ast-featured-img":"","footer-sml-layout":"","ast-disable-related-posts":"","theme-transparent-header-meta":"default","adv-header-id-meta":"","stick-header-meta":"","header-above-stick-meta":"","header-main-stick-meta":"","header-below-stick-meta":"","astra-migrate-meta-layouts":"set","ast-page-background-enabled":"default","ast-page-background-meta":{"desktop":{"background-color":"","background-image":"","background-repeat":"repeat","background-position":"center center","background-size":"auto","background-attachment":"scroll","background-type":"","background-media":"","overlay-type":"","overlay-color":"","overlay-opacity":"","overlay-gradient":""},"tablet":{"background-color":"","background-image":"","background-repeat":"repeat","background-position":"center center","background-size":"auto","background-attachment":"scroll","background-type":"","background-media":"","overlay-type":"","overlay-color":"","overlay-opacity":"","overlay-gradient":""},"mobile":{"background-color":"","background-image":"","background-repeat":"repeat","background-position":"center center","background-size":"auto","background-attachment":"scroll","background-type":"","background-media":"","overlay-type":"","overlay-color":"","overlay-opacity":"","overlay-gradient":""}},"ast-content-background-meta":{"desktop":{"background-color":"var(--ast-global-color-5)","background-image":"","background-repeat":"repeat","background-position":"center center","background-size":"auto","background-attachment":"scroll","background-type":"","background-media":"","overlay-type":"","overlay-color":"","overlay-opacity":"","overlay-gradient":""},"tablet":{"background-color":"var(--ast-global-color-5)","background-image":"","background-repeat":"repeat","background-position":"center center","background-size":"auto","background-attachment":"scroll","background-type":"","background-media":"","overlay-type":"","overlay-color":"","overlay-opacity":"","overlay-gradient":""},"mobile":{"background-color":"var(--ast-global-color-5)","background-image":"","background-repeat":"repeat","background-position":"center center","background-size":"auto","background-attachment":"scroll","background-type":"","background-media":"","overlay-type":"","overlay-color":"","overlay-opacity":"","overlay-gradient":""}}},"product_brand":[],"product_cat":[34],"product_tag":[],"class_list":{"0":"post-9249","1":"product","2":"type-product","3":"status-publish","4":"has-post-thumbnail","6":"product_cat-metabolizem","7":"desktop-align-center","8":"tablet-align-center","9":"mobile-align-center","11":"first","12":"instock","13":"shipping-taxable","14":"purchasable","15":"product-type-variable"},"_links":{"self":[{"href":"https:\/\/musclegainalbania.com\/index.php?rest_route=\/wp\/v2\/product\/9249","targetHints":{"allow":["GET"]}}],"collection":[{"href":"https:\/\/musclegainalbania.com\/index.php?rest_route=\/wp\/v2\/product"}],"about":[{"href":"https:\/\/musclegainalbania.com\/index.php?rest_route=\/wp\/v2\/types\/product"}],"replies":[{"embeddable":true,"href":"https:\/\/musclegainalbania.com\/index.php?rest_route=%2Fwp%2Fv2%2Fcomments&post=9249"}],"wp:featuredmedia":[{"embeddable":true,"href":"https:\/\/musclegainalbania.com\/index.php?rest_route=\/wp\/v2\/media\/9162"}],"wp:attachment":[{"href":"https:\/\/musclegainalbania.com\/index.php?rest_route=%2Fwp%2Fv2%2Fmedia&parent=9249"}],"wp:term":[{"taxonomy":"product_brand","embeddable":true,"href":"https:\/\/musclegainalbania.com\/index.php?rest_route=%2Fwp%2Fv2%2Fproduct_brand&post=9249"},{"taxonomy":"product_cat","embeddable":true,"href":"https:\/\/musclegainalbania.com\/index.php?rest_route=%2Fwp%2Fv2%2Fproduct_cat&post=9249"},{"taxonomy":"product_tag","embeddable":true,"href":"https:\/\/musclegainalbania.com\/index.php?rest_route=%2Fwp%2Fv2%2Fproduct_tag&post=9249"}],"curies":[{"name":"wp","href":"https:\/\/api.w.org\/{rel}","templated":true}]}}